).
1
Let n(t) be the first derivative of -t**3/3 - t**2/2 + 9*t + 141. Let w(m) = m**2 - 6*m + 3. Let c be w(6). Suppose b = -c*b. Give n(b).
9
Let v(b) = 13*b**2 - 24*b - 34. Let g(n) = -4*n**2 + 7*n + 11. Let t(h) = -10*g(h) - 3*v(h). Suppose -i + 18 = -3*y, -y + 0*y + 5*i = 20. Give t(y).
7
Let u(i) = -3*i + 1. Let a(w) = w**2 + w - 3. Let q(b) = 2*a(b) - 3*u(b). Determine q(-7).
12
Suppose -227*n + 1013 = -803. Let z(t) = t - 23. Give z(n).
-15
Suppose 0 = -2*j - 10*g + 12*g - 490, -j - g - 247 = 0. Let m = j - -253. Let f(i) = i**3 - 9 + 2*i**3 - 8*i**2 - 2*i**3 + 10*i. Give f(m).
12
Let a(v) be the first derivative of -v**2/2 - 8*v + 17. Let u be (-2)/(-28) - 5661/(-714). What is a(u)?
-16
Let c(x) = x**3 - 4*x**2 - 4*x + 7. Let y(i) = -2*i**3 + 9*i**2 + 7*i - 14. Let r(z) = 5*c(z) + 3*y(z). Let l be 0 + 23/391*119. Determine r(l).
0
Let t(z) be the third derivative of z**5/10 - z**4/4 + z**3/3 - 120*z**2. What is t(1)?
2
Let y(k) = -8*k + 13. Let z(o) = -65*o + 105. Let p(h) = 25*y(h) - 3*z(h). Let r(j) = -14*j + 28. Let b(x) = 11*p(x) - 4*r(x). Calculate b(5).
3
Let i(g) = g**3 + g**2 + 2*g + 1. Suppose 0 = b + 4*w - 28 + 2, 0 = -b - 5*w + 21. Suppose 4*f = b - 54. What is i(f)?
-7
Let g(u) = u**3 - 11*u**2 + 18*u - 4. Let l(x) = -7*x**2 - 138*x - 87. Let i be l(-19). Calculate g(i).
-52
Let w(a) be the third derivative of -a**5/30 + 25*a**4/24 + 3*a**3 + a**2 + 3*a + 121. Calculate w(11).
51
Suppose 2*z + 14*k - 13*k = 2, 5*z - 3*k = -6. Let l(q) be the third derivative of 4*q**2 + 1/3*q**4 + z*q + 0 + 1/60*q**5 + 7/6*q**3. Determine l(-8).
7
Let g(k) = -2*k - 17065*k**3 - 26*k**2 + 17066*k**3 + 10*k**2 + 3. Determine g(16).
-29
Let n(h) = 3*h + 3. Suppose -265 = -428*b + 1875. What is n(b)?
18
Let u(k) be the third derivative of -5*k**4/24 - 3*k**3 + 15592*k**2. Let n(d) = -d**2 - d + 2. Let s be n(2). Determine u(s).
2
Let s(r) = -3*r**3 + 26*r**2 + 7*r + 25. Suppose -2*c + 4*g = -38, 0 = 2*c + 19*g - 25*g - 48. Calculate s(c).
7
Let p(i) be the second derivative of -2*i**4 - i**2/2 + 3917*i. Calculate p(-1).
-25
Let p = -5343 + 5362. Let a(z) = -6*z + 114. Determine a(p).
0
Let s(p) = 6*p - 1. Let y = 174 - 116. Suppose 0 = -4*f - 5*k - 60, 4*f + k + y = -2. Let q be 12/f*(5/2 + 0). Give s(q).
-13
Let y(c) = -3*c**3 + 78*c**2 - 45*c - 35. Let a(h) = 2*h**3 - 54*h**2 + 30*h + 22. Let t(f) = -7*a(f) - 5*y(f). What is t(11)?
65
Let u(q) = -3*q**3 + 17*q**2 - 13*q - 10. Let l(y) = -12*y - 9*y - 20 - 3*y + 35*y**2 - 2*y - 7*y**3. Let s(b) = 2*l(b) - 5*u(b). Calculate s(14).
-4
Let x(p) = p**3 + 13*p**2 + 30*p + 210. Let j be x(-12). Let f(r) = -4*r**2 - 9*r + 5. Calculate f(j).
-85
Let b(v) be the first derivative of -10*v**2 + 48*v - 4122. Give b(4).
-32
Suppose -5*c + 29 = -11. Let r(k) = k**3 - 7*k**2 - 7*k + 1. Let p be r(c). Let f(u) = u**3 - 10*u**2 + 8*u + 6. Determine f(p).
-3
Let z(k) be the first derivative of k**2/2 - 10*k + 8. Give z(11).
1
Let v(g) be the first derivative of -g**4/4 - 8*g**3/3 - 4*g**2 - 8*g + 3. Let f(j) = 24*j + 497. Let s be f(-21). Calculate v(s).
-1
Let a(z) = -6*z - 99. Let v be a(-16). Let w(r) = 21*r + 50. Give w(v).
-13
Let y(k) be the third derivative of -15*k**4/8 + 41*k**3/2 + 79*k**2 + 17*k - 1. Calculate y(3).
-12
Suppose u - 24*y = -28*y + 17, 0 = -3*u - 3*y + 51. Let j(w) = -w**3 + 17*w**2 + 2*w + 27. Give j(u).
61
Let z(d) = -d**3 - 28*d**2 - 54*d - 49. Let w be z(-26). Let k(y) = -2*y**2 - 6*y - 4. Determine k(w).
-40
Let w be ((-2)/(-5))/((-1)/15). Let d(f) = -26*f**2 - 2. Let m(c) = 131*c**2 + 7*c + 7. Let t(y) = -5*d(y) - m(y). Calculate t(w).
9
Let o(l) = -l - 2. Let m(b) = -9*b - 11. Suppose -5*j + 30 = -5*k, 2*j = 26*k - 25*k + 10. Let y(p) = j*o(p) - m(p). Give y(5).
28
Let h(f) be the second derivative of -f**4/12 - f**3/2 + 2*f**2 + 93*f + 2. Let s = -15 + 27. Let c = 9 - s. Give h(c).
4
Let c = 9080 - 9086. Let d(f) = 5*f**2 - 9*f + 3. Let y(o) = o**2 - o. Let q(l) = d(l) - 6*y(l). Let z(t) be the first derivative of q(t). What is z(c)?
9
Let t(w) = 4*w + 8. Let n = 5365 - 5356. What is t(n)?
44
Let j(v) = v**3 - 7*v**2 + 5*v + 8. Let w(h) = h**3 + 6*h**2 + 4*h - 7. Let m be w(-5). Let x be 1/m - (-176)/32. Suppose 17 + 13 = x*f. What is j(f)?
2
Let v = 823 - 1187. Let z = v - -350. Let u(n) = -n**2 - 14*n. Calculate u(z).
0
Let p(n) = 33*n - 24. Let y(r) = 29*r - 27. Let m(d) = -7*p(d) + 8*y(d). Give m(18).
-30
Let c(j) = 2*j**3 + 3*j**2 + 2*j - 3. Let z(h) = -7*h**3 - 17*h**2 - 12*h + 23. Let u(f) = 3*c(f) + z(f). Calculate u(-4).
-26
Let q = 17649 - 17641. Let a(c) = c**3 - 12*c**2 + 36*c - 12. Determine a(q).
20
Suppose -17*l - 78 = -56*l. Suppose 2 = l*v - 3*z, v - 6 + 27 = -4*z. Let k(a) = 6*a + 7. Let h(j) = -j - 1. Let t(y) = -10*h(y) - 2*k(y). Give t(v).
6
Let b(y) = 2*y**2 + 8*y - 3. Let d(h) = h**2 + 8*h - 3. Suppose 3*k - 25 + 16 = 0. Let o(i) = k*d(i) - 2*b(i). Give o(9).
-12
Let x(n) = -n**3 - 4*n**2 + 7*n - 6. Let k(j) = 25*j - 581. Let w be k(23). Calculate x(w).
24
Let t(l) = l - 13. Suppose 33*c = 44*c - 88. Suppose -c*r + 7*r = -12. Give t(r).
-1
Let k(n) = -2*n**2 - n + 1. Let x(s) = 11*s**2 + 8*s - 1. Suppose 84 = -67*f + 81*f. Let d(c) = f*k(c) + x(c). What is d(-4)?
-19
Let v = -2 - -7. Let x be (1 - 4)*-1 + v. Let q = 13 - x. Let s(h) = h**2 - 6*h + 6. Give s(q).
1
Let j(i) = -2*i**2 - 19*i - 49. Let z be j(-5). Let l(y) = -4*y**2 - 19*y - 5. What is l(z)?
7
Let r(b) be the first derivative of -2*b**3/3 + 21*b**2 - 44*b + 215. Calculate r(20).
-4
Let a(n) = -8*n + 22. Let d be a(-8). Let v = d + -86. Let r(o) = o + 6. Give r(v).
6
Suppose 9*l - 6 = -2*j + 8*l, 3 = j + 4*l. Let t(w) = 12*w - 42. Determine t(j).
-6
Let p(s) = 2*s - 24. Let g be (-7)/1*(15 - (-143)/(-11)). Give p(g).
-52
Let a = -404 - -410. Let y(z) = -13*z + 6*z + a*z + 0 - 1. What is y(0)?
-1
Let y(x) = -x**3 + 9*x**2 - 7*x - 6. Let v be (2 + 0)/(2 + -1). Let q(l) = 1 - 5 - 22*l + v - 10 - 2*l**2. Let u be q(-10). What is y(u)?
2
Let o(w) be the third derivative of 1/24*w**4 - 15*w**2 + 2*w**3 + 0 + 0*w. Let y = 37 + -42. Give o(y).
7
Let i(k) = 7*k**3 + 5*k - 6. Let r(a) = a**3 + a**2 - 1. Let p(z) = -i(z) + 6*r(z). Suppose 44 = 193*w - 182*w. What is p(w)?
12
Let k be -14*(-8 + -2)/10. Let j(q) = q**2 - 14*q - 7. What is j(k)?
-7
Let h(x) = -x**2 - 4*x - 1. Let j be (15/22 - (-2)/(-11))*10. Let m be (j/4*-2)/((-2)/(-4)). Give h(m).
-6
Suppose 4 = r + r. Suppose -r*f - 15 = f. Let i(p) = -2*p**2 - p - 2. Let l(t) = -7*t**2 - 8*t - 8. Let h(c) = -3*i(c) + l(c). Give h(f).
-2
Let w(j) = -46*j - 48. Let i be w(-3). Let m = 107 - i. Let o(l) = -l + 18. What is o(m)?
1
Suppose 14*x + 114 = 33*x. Let c(d) = -d**3 + 5*d**2 + 4*d + 2. Calculate c(x).
-10
Let h be (31 - -4) + 6075/(-243). Let o(z) = -4*z + 11*z**2 - 1 - 8*z - z**3 + 0 + 6. Give o(h).
-15
Let n(y) = 39*y - 21. Let f be n(-3). Let v = f + 140. Let x(d) = d - 5. Calculate x(v).
-3
Let g(r) be the third derivative of -r**6/30 + r**5/20 - r**4/24 + 5*r**2 + 271*r. What is g(2)?
-22
Let x(y) = 14*y**3 - 142*y**2 - 19. Let z(u) = -9*u**3 + 95*u**2 + 9. Let w(k) = 5*x(k) + 8*z(k). Determine w(25).
-23
Let k(w) = -w**3 + w - 4. Let y(i) = 1 + 12*i**3 + 11*i**3 - 25*i**3. Let x(q) = -k(q) - 3*y(q). Determine x(1).
7
Suppose 0 = 3*t + 3*c - 11 - 16, 0 = -t + 3*c + 9. Let a(q) = -41 + 5*q - q + 42 - 3*q. Let n(o) = 3*o - 4. Let w(v) = 2*a(v) - n(v). Determine w(t).
-3
Let w(h) = -172*h + 25. Let m(v) = -206*v + 23. Let y(x) = -5*m(x) + 6*w(x). Calculate y(7).
21
Let m(c) = 28*c + 140. Suppose 17*v + 62 - 57 = -80. Give m(v).
0
Suppose 3 = -2*t - 5. Let r(d) = d**2 + 6*d + 13. Let g(i) = 2*i**2 + 13*i + 29. Let n(w) = 6*g(w) - 13*r(w). Calculate n(t).
-11
Suppose -72*z + 99*z = -146*z + 519. Let n(o) be the second derivative of 25*o + 1/6*o**z - 1/12*o**4 + 0 - 1/2*o**2 - 3/4*o**5. Calculate n(1).
-16
Let y(a) = 49*a**3 - 14*a**2 - 3*a - 29. Let z(b) = 16*b**3 + 4*b - 1. Let v(g) = -y(g) + 3*z(g). Give v(15).
26
Let n(m) = -m**3 - 6*m**2 + 5*m + 41. Let s(h) = -2*h**3 + 47*h**2 + 189*h - 6. Let y be s(27). Give n(y).
11
Let z(y) = y**2 - y. Let g be z(0). Let w(n) be the first derivative of -n**5/60 - 2*n**2 + 1. Let k(s) be the second derivative of w(s). Determine k(g).
0
Suppose -5*j - 19 = t, -3 - 1 = j. Let n(p) = 5*p + 7*p - t + 13*p